et o(n) = 5*d(n) + 2*j(n). Suppose 0 = 3*k + 23 - 5. What is the units digit of o(k)?
0
Let k = 21 - -21. What is the tens digit of k?
4
Suppose 3*a + 2 = -2*i, -5*i = -3*i + 2*a. Let w(p) = 2 + i*p - 5 + 1. What is the units digit of w(2)?
2
Suppose 2*a + 6 - 14 = 0. Let v(n) = -n + 8. Let i be v(6). What is the units digit of (0/(-1))/i + a?
4
Suppose 0*p + 2*p = 248. What is the units digit of p?
4
Let u = -40 - -195. What is the tens digit of u?
5
Let b(h) = 2*h**2 - 7*h - 6. What is the units digit of b(10)?
4
What is the tens digit of (-563)/(-5) - (176/(-40) + 4)?
1
Suppose -o - 5 = -30. What is the tens digit of o?
2
What is the tens digit of (0 + 120)*(3 - 25/10)?
6
Let q = 10 - 6. Suppose -3*y + q = -11. What is the units digit of y?
5
What is the tens digit of (-111)/(-6) + (-3)/6?
1
Let c(d) = -d**3 - 6*d**2 - 2*d - 4. What is the units digit of c(-6)?
8
Suppose 2*s + 3 = -s. Let q(c) be the second derivative of c**4/6 - c**2/2 - 2*c. What is the units digit of q(s)?
1
Suppose h = 4*g - 20 + 6, 16 = 2*h + 3*g. Let q be h/(-3)*(-105)/14. Suppose -20 = -q*o + 15. What is the units digit of o?
7
Suppose 6*a - 3*a = 45. Let p = a + -5. What is the units digit of p?
0
Let o(h) = 23*h**2 + 2*h - 1. Let w be o(1). Suppose -w + 4 = 4*t. Let x = 5 - t. What is the tens digit of x?
1
Let s = 2 - 0. Suppose -6*d = -s*d - 48. What is the units digit of d?
2
Suppose 286 = 6*s - 8. What is the tens digit of s?
4
Let j(k) = k**3 - 4*k**2 + 2*k + 3. Let p be j(3). Suppose p*i - 3*i = 0. Let h = i - -1. What is the units digit of h?
1
Suppose -3*l + 528 = 5*l. What is the units digit of l?
6
What is the units digit of (20/(-4) + -105)*(-2 + 1)?
0
What is the units digit of 6/24*-1 + 210/8?
6
Let j = -37 - -19. What is the units digit of (-148)/j - 10/45?
8
Suppose -2*w + 4*w + 40 = 0. What is the tens digit of ((-12)/w)/(3/195)?
3
Suppose 3 = 3*s, 2*s - 72 = -m + 8. What is the units digit of m?
8
Suppose 3*x = 5*x. What is the units digit of 1*-1 - (-10 + x)?
9
Suppose 5*f - 25 - 16 = -4*y, 5*f - 37 = -3*y. Let o = -4 + f. What is the units digit of o/2 - (-17)/2?
9
Let d = -7 - -5. What is the tens digit of -2*(-10 - d) + 3?
1
Let z = -4 + 5. Let p(g) = 2*g**2 + 3 - g**2 + 10*g**3 - 4. What is the units digit of p(z)?
0
Suppose k + 5 + 4 = 0. Let q(z) = -z**3 - 6*z**2 + 6*z + 1. Let w be q(-5). What is the units digit of (-43)/k + (-12)/w?
5
Let c = -30 + 49. Suppose 4*s = 9 + c. What is the units digit of s?
7
Suppose -5*u - 8 = -4*n - 49, -2*u = 2*n - 2. Suppose -4*i + 100 = u*g, -90 = -5*g - 4*i + 2*i. Suppose -3*y = g - 64. What is the tens digit of y?
1
Suppose 0 = -h - 2 - 0. What is the units digit of (5 - 3)*(-1)/h?
1
Let o = 77 + 108. What is the units digit of o?
5
Suppose 4*r + 4 = 0, -2 = i - 0*r + 5*r. Suppose i*q + d - 47 = 0, -4*q - 2*d + 76 = 10. What is the units digit of q?
4
Suppose -2*p - 1155 = -7*p. What is the tens digit of p?
3
Let q be (-4)/(-3) + 48/(-36). Suppose -24 - 48 = -4*j - 2*v, 3*j + 4*v - 54 = q. What is the units digit of j?
8
What is the tens digit of 8 - -3 - 1*-3?
1
Let l(o) = -3*o + 50. Let g be l(15). Suppose 7 = -p + 5*v, -4 = 2*p - 5*v - 0. Suppose 0*k + 1 = -p*z - 5*k, g*z - 2*k - 19 = 0. What is the units digit of z?
3
Suppose -j - 4*a + 0*a - 6 = 0, -j + 2*a + 6 = 0. Let m(u) = u - 13. Let v be m(15). Suppose v*k - w = 37, -j*w - 2*w = 4*k - 56. What is the units digit of k?
7
Let p be 7 - 0 - (-3)/3. Let x = -5 + p. Suppose 0 = 3*q + 3*h - 15, 0 = -4*h - x - 9. What is the units digit of q?
8
Suppose 2 = -2*n - 4, -27 = -4*y - 3*n. Suppose 3*t + 3*i - 23 = 37, y = -3*i. What is the units digit of t?
3
Let g = 32 - 54. Let m = g + 39. What is the tens digit of m?
1
Let g(z) = 10*z**3 - 5*z**2 + z + 1. What is the units digit of g(2)?
3
Let u(r) = r**2 + 2*r + 3. Let w be u(-4). Let x = -16 + 8. Let h = x + w. What is the units digit of h?
3
Suppose 2*g + 2*p = 6*g - 226, -3*p = 3*g - 174. What is the units digit of g?
7
Let u = 1 - -3. Let n(k) = -k + 6. Let s be n(u). Suppose -36 = a - 5*a - 4*f, 5*a - 51 = -s*f. What is the units digit of a?
1
Let y(o) = 3*o**2 + 3*o + 2. Let x(w) = -2*w**2 - 2*w - 2. Let l(i) = 4*x(i) + 3*y(i). What is the units digit of l(-3)?
4
Let a(r) = r - 1. Let z be a(4). Suppose 2*c + 4*q + 18 = 4*c, -z*q = -c + 13. What is the units digit of c?
1
Let d(l) = l**3 + 9*l**2 - 4*l - 6. Let z be d(-9). What is the units digit of (-6)/z + (-26)/(-5)?
5
Suppose 0 = 9*i - 4*i - 155. What is the units digit of i?
1
Suppose f = -5*h - 22, 0*f + 2 = -3*f + h. Let l be 0/2*(-1)/f. What is the units digit of (-9)/(-1) + (l - 3)?
6
Let j(a) be the second derivative of a**3/6 + 12*a**2 + 3*a. Let u be j(-10). Let c = u - 6. What is the units digit of c?
8
What is the units digit of (-1 + -4)*(-2 - 9)?
5
Suppose -5*j - 4*w = -2*j - 23, -5*w = -4*j + 72. What is the tens digit of j?
1
Suppose 672 = 5*y + y. What is the units digit of y?
2
Suppose -4*k = -k - 36. What is the units digit of (-259)/(-9) + k/54?
9
Suppose 4*z = -0*z + 72. Suppose -4*r + 5*r + 11 = 0. Let m = r + z. What is the units digit of m?
7
Suppose -9*m + 549 = -6*m. What is the units digit of m?
3
Let o(d) = d**3 + 12*d**2 + 12*d + 35. What is the units digit of o(-10)?
5
What is the tens digit of 2/(-4 + (-644)/(-160))?
8
Let i(t) = -12*t - 5. What is the tens digit of i(-5)?
5
Suppose 129 = 20*y - 391. What is the tens digit of y?
2
Let m = 10 - 17. Let v(l) = -l**3 - 7*l**2 + 4*l - 2. Let h(y) = y**2 + y. Let j(w) = h(w) + v(w). What is the units digit of j(m)?
2
Let s(a) = -a**3 + 13*a**2 + 6*a - 27. What is the tens digit of s(13)?
5
Suppose -5*n + 5*y + 212 = -33, 0 = -3*n - 4*y + 119. What is the tens digit of n?
4
Let m(f) be the first derivative of -6*f + 1/3*f**3 + 5/2*f**2 - 2. What is the units digit of m(-7)?
8
What is the units digit of 17 + 1/(-4)*-4?
8
What is the units digit of 2/(-10) + (-7)/(70/(-1962))?
6
Suppose s - 4 + 2 = 0. Suppose -b - 17 = -2*l, -s*b = l + l - 14. What is the units digit of l?
8
What is the units digit of (-104)/(-10) + (-2)/5?
0
Let t(v) = 2*v + 8. Let n be t(-4). Suppose -a - 4*g + 2*g + 28 = n, 4*a - 73 = 5*g. What is the tens digit of a?
2
Let g(j) = -2 + 1 + 3*j - j + 5 - 2*j**2. Let r be g(-3). Let q = r - -30. What is the tens digit of q?
1
Let f(m) = -m. Let t be f(-4). Suppose 2*h + 31 = 5*h - t*z, 3*h = -z + 41. What is the tens digit of h?
1
Let i = -124 + 336. What is the tens digit of i?
1
Suppose 0 = -v + 29 + 15. What is the units digit of v?
4
Let q(i) = 23*i + 2. Let g be q(-1). Suppose -2*d - 9 = -3. What is the units digit of d/7 - 51/g?
2
Let m(f) = 2*f - 2. Let a(r) = 2*r - 1. Let s(k) = -4*a(k) + 3*m(k). Let n be s(-3). Suppose -p - 45 = -n*p. What is the tens digit of p?
1
Let t = -26 - -76. What is the tens digit of t?
5
Let j(l) = l**3 + 13*l**2 - 17*l. Let d be j(-14). Suppose -3*w + d = -60. What is the units digit of w?
4
Let d = 313 - 445. What is the units digit of ((-1)/3)/(4/d)?
1
Let u be (-1)/(2/4*-1). Suppose 0 = 4*h + 3*t + 3 + 1, 3*t = -u*h - 8. What is the tens digit of h/(-5) - (-460)/25?
1
What is the units digit of ((-18)/(-7))/((-1)/(-21))?
4
Suppose 2*x - 9 - 17 = 0. Suppose -2*w = -3*z + x, w + 3*z + z + 1 = 0. What is the tens digit of (w + 0)*(0 - 2)?
1
Let d(p) = -p**3 - 13*p**2 + 11*p - 4. What is the units digit of d(-14)?
8
Let t(o) = o**2 - 8*o - 7. Let g be t(9). Suppose 0*b - g = -2*b. What is the units digit of (-4)/12*(-3)/b?
1
Let h(u) = -u**3 + 8*u**2 + 14*u - 6. What is the tens digit of h(9)?
3
Let s = -5 - -3. Let p(d) = d**3 + 4*d**2 + d - 2. What is the units digit of p(s)?
4
What is the units digit of 1752/44 - 6/(-33)?
0
Suppose -4*a + 31 = -117. What is the tens digit of a?
3
What is the tens digit of (-1*2)/(12/(-282))?
4
Let o = 4 - 0. What is the units digit of o?
4
Suppose 3*c = 7*c - 36. What is the units digit of c?
9
Suppose -7*g = -62 - 71. Let t = -8 + g. What is the units digit of t?
1
Suppose -49 = -4*u - 9. Suppose -4*i = 10 + u, 3*v = 3*i + 30. What is the units digit of v?
5
Let w(s) = s + 7. Let m be w(-5). Suppose f - m - 14 = 0. What is the units digit of f?
6
Let y = 6 + -10. Let a be (-34)/y - 2/4. Suppose 0*n - 4 = -2*u + 2*n, -4*u + a = -3*n. What is the units digit of u?
2
Suppose -3*h 